*2 - s + 4*s**2. Let n be o(3). What is the remainder when p(n) is divided by 5?
3
Let k(b) = 4*b**2 + b - 5. Suppose 2*q = t - 15, -t - 4*q + 46 = t. What is the remainder when k(-4) is divided by t?
17
Let v(f) = f**3 + 10*f**2 - f + 8. Let z = -20 - -10. Calculate the remainder when 34 is divided by v(z).
16
Suppose -3*y - 7 = 2*s, 3*y = s + 2*y - 4. Suppose -120*m = -121*m + 17. Calculate the remainder when (48 - -1)/s - 0 is divided by m.
15
Let o = 4 - 4. Suppose 3*p + 0*p - 51 = o. Calculate the remainder when 66 is divided by p.
15
Let s(a) be the first derivative of a**4/4 + 4*a**3 - 17*a**2/2 - 13*a - 8. What is the remainder when s(-13) is divided by 14?
11
Suppose h + 11 = 2*z + 2*z, -h + 2*z = 5. Let u be h/1*(64 - 6). Let x = -34 + u. What is the remainder when x is divided by 13?
11
Suppose -2*s + 20 = -0*s. Calculate the remainder when s is divided by 3.
1
Let l(t) = 2*t**3 - 5*t**2 - 3*t + 6. What is the remainder when 125 is divided by l(4)?
41
Let t = 14 - -7. What is the remainder when 83 is divided by t?
20
Suppose -20 = 4*d + 4*q, -2*d - 5*q = -0*q + 22. Calculate the remainder when (59 - -1) + d/1 is divided by 20.
19
Let b be (-16)/10*(-10)/4. Calculate the remainder when 27 + b + 0/2 is divided by 12.
7
Let j = 38 + -16. Let p(z) = -z**3 + 6*z**2 + 5*z - 7. What is the remainder when p(5) is divided by j?
21
Let c(k) = 2*k**2 - 3*k - 2. Calculate the remainder when c(3) is divided by 2.
1
Let a(v) = v**2 - 2*v + 1. Let b = 4 + -4. Suppose b = q - r - 9, 0 = 4*q - 2*r - r - 32. Calculate the remainder when a(q) is divided by 9.
7
Let w = -6 + 9. Calculate the remainder when 3 is divided by w.
0
Suppose 3*i = i + 2*l + 18, l = 5*i - 41. What is the remainder when 101 is divided by i?
5
Suppose 2*v - 6*v = 0. Let i = v + 0. Suppose c - 1 = i, -u + 3 = -3*c + 4. Calculate the remainder when 3 is divided by u.
1
Let j(o) = o**2 + 5*o + 10. Let h(p) = 9*p. What is the remainder when h(2) is divided by j(-5)?
8
Suppose 7 = -4*q + 111. Let c(n) = -2*n - 1. What is the remainder when q is divided by c(-5)?
8
Let n(p) = -14*p + 6. Let b be n(8). Let r = -6 - b. Suppose -h = -5*h + r. Calculate the remainder when h is divided by 13.
12
Suppose -72 + 250 = 2*r - 4*l, 380 = 5*r + 3*l. Calculate the remainder when r is divided by 28.
23
Let n be (-35)/(-11) - 2/11. Suppose 235 = 2*w + n*w. What is the remainder when w is divided by 16?
15
Let v = 46 + -30. Let t be 1 + 4/(-6)*-33. Suppose -3*x = -7*x - w + t, 5*w = -x + 1. Calculate the remainder when v is divided by x.
4
Let b(q) = -20*q - 30. What is the remainder when b(-11) is divided by 24?
22
Let s(f) = f**2 - 7*f + 5. Let a be s(7). Suppose -y = a*i, 2*y + 2*i = -3*y + 69. Calculate the remainder when 44 - 0*1/2 is divided by y.
14
Suppose 0 = -i - i + 42. Let n = -8 + 19. What is the remainder when i is divided by n?
10
What is the remainder when 22 is divided by (-2)/(1 + (-12)/8)?
2
Let b(j) = -9*j**3 + 6*j**2 - 1. Let l(d) = -18*d**3 + 11*d**2 - 2. Let s(u) = -11*b(u) + 6*l(u). What is the remainder when 15 is divided by s(-1)?
7
Let z = 7 - -7. Calculate the remainder when 54 is divided by z.
12
Let b(p) = 2*p**3 - 2*p**2 - 2*p + 2. Let t be b(2). Suppose -2*y - 18 = -t. Calculate the remainder when 7 is divided by ((-2)/y)/((-1)/(-12)).
3
Let i(f) = -f - 4. Let x be i(-4). Suppose j + 1 = -g, j + x = g + 3. Suppose -d = -0*d - 1. Calculate the remainder when j is divided by d.
0
Suppose -6*n - n + 189 = 0. What is the remainder when n is divided by 4?
3
Let o(y) = -3*y**3 + 1. Let p be o(-1). Let s(x) = 2*x**2 - 4*x + 1. Calculate the remainder when 32 is divided by s(p).
15
What is the remainder when ((-12)/9)/((-12)/378) is divided by 15?
12
Let v = 55 + -27. Let j be ((-26)/4)/(5/10). Let z(q) = -2*q - 16. What is the remainder when v is divided by z(j)?
8
Suppose -4*o + 20 = 3*a, -8*o + 7*o + 5*a + 5 = 0. Let y = 24 - -2. Calculate the remainder when (-1)/(0 + (-2)/y) is divided by o.
3
Suppose 220 = 6*v - 110. What is the remainder when v is divided by 15?
10
Let x be -1 + (-3)/((-6)/(-4)). Let r = 2 - x. Let a(s) = s + 2. What is the remainder when 19 is divided by a(r)?
5
Calculate the remainder when 6 is divided by ((-8)/(-8))/((-2)/(1 - 3)).
0
Suppose -6*p + 6 = -96. What is the remainder when p is divided by 6?
5
Let u be (-3 - -2)*(-15)/(-3). Let y(p) = 3*p**2 + 6*p - 7. What is the remainder when y(u) is divided by 13?
12
Let f = -34 + 67. Calculate the remainder when f is divided by (6/(-5))/((-3)/30).
9
Suppose 5*y + 83 - 233 = 0. Suppose 4*i - 2*b = y, -i = -6*i - 4*b + 57. Suppose 3*t + 27 - i = n, t - 64 = -3*n. What is the remainder when 41 is divided by n?
20
Let u(i) = i**3 + 6*i**2 - 2*i - 1. Let n be u(-3). Suppose 2*f = -2*f + n. What is the remainder when 23 is divided by (-42)/(-5) + f/(-20)?
7
Suppose 4*k = 15 + 9. Suppose 3*n = 6 + 6. What is the remainder when k is divided by n?
2
Let q(z) = 2*z - 13. Suppose 0 = -o + 3*o + 8, -w - o + 15 = 0. What is the remainder when q(24) is divided by w?
16
Suppose 5*a - 4*t - 110 = 0, 0*t - 62 = -4*a - 2*t. Calculate the remainder when 51 is divided by a.
15
Let k(y) = y - 12. Let d be k(11). Calculate the remainder when 23 is divided by ((-12)/(-16))/(d/(-8)).
5
Suppose -2*s - 5 = -4*u + 57, -5*s = 3*u - 14. Let p(q) = -q**3 + 4*q**2 - 2*q - 2. Let c be p(3). What is the remainder when -8 + 48 - 2*c is divided by u?
12
Suppose 0 = 7*g - 3*g - 24. Let h(x) = 2 - 4 + x + g + 2*x**2 - x**2. What is the remainder when 11 is divided by h(0)?
3
Let o = 8 - -7. Let l = -10 - 4. Calculate the remainder when (0 + -3 + 1)*l is divided by o.
13
Let l = -20 + 36. Let q(g) = g**3 + 5*g**2 - 3*g - 3. Let i be q(3). Suppose -3*s + i = -s. Calculate the remainder when s is divided by l.
14
Suppose 2 - 5 = -h. Suppose -h - 1 = -l. Let k = 11 - l. What is the remainder when k is divided by 4?
3
Let w = 5 - -2. Let x(l) = 7*l - 2. Calculate the remainder when x(w) is divided by 16.
15
Let z(k) = -k**3 + 7*k**2 - 5*k + 8. Suppose -39*o = -44*o + 40. Calculate the remainder when z(6) is divided by o.
6
Let o(j) = j**3 - 9*j**2 + 9*j - 9. Let h be o(8). Let m = -15 + 21. What is the remainder when h/(-1*(-1)/(-11)) is divided by m?
5
Let t = 25 + -13. What is the remainder when 23 is divided by t?
11
Let m = 0 + -4. Let s = -6 + 3. Calculate the remainder when 18 is divided by (-1)/s*(34 + m).
8
Suppose 2*w - 4*w = 5*m - 770, -4*w + 1588 = -2*m. Let n = -92 + w. Suppose -20 = 4*d, -n = -2*p - 2*p - d. What is the remainder when p is divided by 20?
17
Suppose 2*y + 20 = 194. Calculate the remainder when y is divided by 22.
21
Let q(c) = -c**3 - c**2 + c - 115. Let w be q(0). Let n = w - -56. Let r = n - -100. Calculate the remainder when r is divided by 14.
13
Let i(u) = -u**3 - 6*u**2 - 4*u + 4. What is the remainder when i(-7) is divided by 21?
18
Let r(w) = -6*w + 21. Suppose -o + 2*o = 26. Calculate the remainder when o is divided by r(1).
11
Suppose -2*t - 47 = 5*f - 0*f, 2*f + 86 = -4*t. What is the remainder when (-40)/(-6) - 28/t is divided by 3?
2
Calculate the remainder when 1 - (-13)/2*8/4 is divided by 8.
6
Let h = 4 + 0. Let g = 5 + -8. What is the remainder when h is divided by 4/(-3)*g/2?
0
Suppose -2*c = -3*b - 1, -4 = c - 0*c - 3*b. Suppose -3*t - 41 = -c*v, -3*t + 28 = 4*v - 7*t. Calculate the remainder when 18 is divided by v.
8
Suppose 5*x = 3*p + 20, x - 5*p - 6 = -2. Suppose -h = -x*h + 93. What is the remainder when h is divided by 11?
9
Let j(b) = -b + 10. Let m be ((-1 - -1)*-1)/2. Suppose 4*r + m = 4. What is the remainder when j(8) is divided by r?
0
Suppose -v = 2*v + r - 201, r = -2*v + 134. What is the remainder when v is divided by ((1 - -11) + 10/2)/1?
16
Let c(m) = -173*m + 3. What is the remainder when c(-1) is divided by 45?
41
Let h be (3/(-3))/(2/(-4)). Suppose h*o + 2*o = 12. What is the remainder when 8 is divided by o?
2
What is the remainder when 158 is divided by 256/26 + ((-204)/26 - -8)?
8
Let y = -6 + 6. What is the remainder when (y + -17)*(-3 + 1) is divided by 12?
10
Let x(a) = a**2 + 9*a + 8. Calculate the remainder when x(-9) is divided by 7.
1
Suppose 24 + 10 = 2*u. Let k(a) = -3*a**2 + 9*a**2 - 2*a - a - 4 - a**3 - 1. Calculate the remainder when u is divided by k(5).
